= -g**2 - 4*g - 3. Let n(c) = c + 7. Suppose 5*a = a - 8. Let t be (-88)/9 + a/9. Let k be n(t). Calculate u(k).
0
Let y(r) = 6*r**3 - 62*r**2 - 11*r + 45. Let v(f) = -f**3 + 12*f**2 + 2*f - 9. Let s(w) = -11*v(w) - 2*y(w). What is s(-8)?
9
Let q(b) be the second derivative of b**4/6 - b**3/6 - b**2/2 + b. Let a(d) = -2*d**2 - 4. Let r be a(8). Let m = -129 - r. Give q(m).
14
Suppose -d - 4*v = -6, 8*v = 3*d + 3*v - 18. Suppose 3*b + 0*b + 5*s = -24, d = -3*b + s. Let m(h) = h**2 + 2*h - 3. What is m(b)?
0
Suppose p - 6 + 1 = 0. Let u(z) = -p*z + 5*z + z - z**2 - 2 - 4*z. What is u(-3)?
-2
Let g = -730 - -727. Let v(r) = r**2 + 2*r - 6. Give v(g).
-3
Let u(h) = 2*h**3 + h**2 - h. Suppose -q = 1, 3*q + 16 + 59 = 3*f. Let s = 25 - f. What is u(s)?
2
Suppose 0 = 6*u - 23 - 1. Suppose -u*p - 11 = f + p, 0 = f + 2*p + 5. Let c(d) = 4*d**3. Calculate c(f).
-4
Let o(l) = -6 + 1 + 4*l + 3 - 2*l. Determine o(-2).
-6
Let g(o) = o**2 + o - 16. Suppose 2*u + 333 = 11*u. Suppose -34*s = -u*s. Determine g(s).
-16
Let v(n) = 7*n**3 - 3*n**2 - 10*n + 14. Let f(l) = 6*l**3 - 2*l**2 - 9*l + 12. Let p(b) = 6*f(b) - 5*v(b). Give p(-4).
2
Let v(c) = 12 + c**2 + 8 + 2*c - 28 + 7. Suppose 14 = 2*d - d. Suppose 2 = 4*g + d. Determine v(g).
2
Let y be (27/18)/(((-18)/(-8))/3). Let m(k) = -k**2 - k - 1. Let n(t) = 8*t**2 + 7*t + 8. Let q(d) = 6*m(d) + n(d). Give q(y).
12
Let y(b) be the first derivative of 20*b**3/3 - b**2/2 + b + 1244. Let j = 0 - -1. Determine y(j).
20
Let j(z) be the third derivative of -1/3*z**3 + 17*z**2 - 1/120*z**6 + 0*z**5 + 0 + 0*z + 1/24*z**4. Let l be (-8)/28 - 32/(-14). Calculate j(l).
-8
Let n(q) = -2*q + 2. Let v be 3*(-4)/24*2. Let i(g) = -2*g - 1. Let f be i(v). Suppose -4*t + 3*j = -23, 5*t - 2*j = 26 + f. What is n(t)?
-8
Let r(p) = -p**3 - 8*p**2 - 5*p + p**2 - 8 + 11. Let a be r(-6). Let y(l) be the second derivative of -l**5/20 - l**4/4 - l**2/2 + l. Determine y(a).
-1
Let q(n) = -n**3 - n**2 + n + 2. Suppose -15*r = -14*r + 2. Calculate q(r).
4
Let t(b) be the second derivative of b**3/6 - 5*b**2 + 37*b. Give t(7).
-3
Let p(o) = 3*o - 143 + 313 - 161. Suppose -a + 4*a = -18. Calculate p(a).
-9
Suppose 6*h - i = 3*h + 16, 0 = 4*h + 3*i - 17. Let j = 12 - 10. Let u(f) = -332*f**j + 331*f**2 + 0*f + 2 + 6*f. What is u(h)?
7
Let y(f) be the third derivative of -f**5/120 - f**4/12 + 25*f**3/6 - 4*f**2. Let s(v) be the first derivative of y(v). Determine s(8).
-10
Let x(y) be the first derivative of y**2 + 18*y - 820. What is x(-5)?
8
Suppose -20 = -2*m + 3*g - 1, -5*g = -m + 27. Let x(v) = -4*v**3 + v**2 + v. What is x(m)?
-26
Let w(m) = -6*m + 7. Let g(n) = 3*n - 4. Let z(c) = 5*g(c) + 2*w(c). Let i be 74/16 + (-140)/224. What is z(i)?
6
Let p(k) = k**3 + 5*k**2 + 2*k + 6. Let m = -212 - -208. Determine p(m).
14
Suppose -3*a = -i + 3*i + 1, 0 = 3*i - a - 15. Let f(d) = 3*d - 8. What is f(i)?
4
Let v be -6*-3*3/18. Let p(k) = v*k**2 + k + 1 + 3*k**3 + 0*k - 2*k**3. Calculate p(-2).
3
Let f(a) = a + 5*a + 3*a + 0*a. Let r = -16 - -17. What is f(r)?
9
Let x(p) = -p - 4. Let z be 62/(-6) + 12/36. Let k be x(z). Let i(d) = -d**2 + 7*d - 3. Determine i(k).
3
Let v(o) = 2*o + 0 - 9*o**2 - 6 + 16*o**2 - o**3 + 8*o. What is v(8)?
10
Let l(z) be the second derivative of z**3 + z**2/2 - 184*z. Determine l(-1).
-5
Suppose 0 = 4*z - 5*w - 26, 2 + 4 = -z - 5*w. Suppose z = 3*d - 2. Let b(v) = -2*v**2 + 0*v**d - 4*v**2 - 4*v - 1 + 4*v**2. Give b(-3).
-7
Let w(v) = -3*v**3 - 69*v + 4*v**3 - 3*v**3 + 2 + 36*v + 39*v. Calculate w(-3).
38
Let k(u) be the second derivative of -u**7/1260 + u**6/144 - u**5/40 + 49*u**4/12 - 34*u. Let h(q) be the third derivative of k(q). What is h(3)?
-6
Suppose -4 = 3*f - 5*n - 59, 69 = 5*f + 3*n. Let l = -8 + f. Let s(b) = -7 - 11 - b**2 - 7 + l*b + 20. Give s(6).
1
Let l(a) = a**2 + 7*a + 7. Suppose m = q - 8, 5*m - q + 3*q + 12 = 0. What is l(m)?
-5
Let v(f) be the second derivative of f**3/6 + 4*f**2 + 2*f. Let b be -3 - (1 + 1 + 44). Let y = b + 43. Determine v(y).
2
Let c = 50 + -47. Let r(z) = -z**2 + 5*z - 10. Give r(c).
-4
Suppose 0 = -12*p + 60 - 0. Let d(u) = -u**2 + 7*u - 16. Calculate d(p).
-6
Let i = 155 - 151. Let y(m) = -m**3 + 4*m**2 + 2*m - 8. What is y(i)?
0
Let x(o) = 31*o**3 + o + 1. Let t be 30/(-6) - 1*(-20)/5. Give x(t).
-31
Let s(p) = -2*p**3 + 14*p**2 + 17*p - 33. Let u(y) = y**3 - 7*y**2 - 8*y + 16. Let r(a) = -6*s(a) - 13*u(a). Calculate r(7).
4
Suppose -64 = 8*k - 0. Let n(v) = -11 - 8*v**2 - 3*v**3 + 3*v**3 - v**3. What is n(k)?
-11
Let c(h) = -h**3 + 5*h**2 - 3*h - 1. Suppose -8 = -2*k, k = -5*s + 18 + 1. Suppose s - 7 = -4*b. Let l be b/((-1)/(12/(-4))). Determine c(l).
8
Let u = -25 + 14. Let j = -1 - u. Let i be (j - 1) + (-27)/9. Let r(q) = q**2 - 5*q - 2. Give r(i).
4
Let d = -5 - -10. Suppose -3 = c - k, d*k - 3*k = 6. Let h(m) = m - 7. Give h(c).
-7
Let m(k) be the first derivative of -3*k**4/4 + 70. Let b be -15 + 14 - 1*-2. Calculate m(b).
-3
Let p(i) = i - 1. Let w(d) = 5*d - 6. Let f(j) = -4*p(j) + w(j). Let v(u) = -u**3 + 4*u**2 + 5*u + 6. Let c be v(5). Let y be (-2)/c - 13/(-3). What is f(y)?
2
Let n(x) = 10*x - 1. Let z be n(1). Let o(m) be the third derivative of -m**4/24 - 2*m**3/3 + 65*m**2. Calculate o(z).
-13
Suppose 2*y = 7*y + 15. Let o be (-1)/1 - (7 + y). Let z = -1 + o. Let r(k) = 3*k + 6. What is r(z)?
-12
Let a(h) = -171*h - 160*h - h**2 + 331*h. What is a(3)?
-9
Let f(m) = m - 9. Suppose 5*h = 3*j - 1 - 4, 5*h = j + 5. Let t = h + 1. Let r = t - -1. Determine f(r).
-5
Let y(x) = -7*x**2 - 3*x - 35. Let j(t) = -11*t**2 - 5*t - 53. Suppose -f = -4*f - 3*h - 18, -3*h - 3 = 0. Let n(q) = f*j(q) + 8*y(q). Calculate n(0).
-15
Let d(s) = 2*s**2 + 1 - 224*s + 230*s - 4. What is d(-5)?
17
Let y = -385 - -381. Let k(f) = 0*f - f**2 - 4 + f - 5*f. What is k(y)?
-4
Suppose -3*a - 10 = -1. Let b(m) = -3*m - 1. Let z(v) = 2*v. Let k(s) = a*b(s) - 4*z(s). Calculate k(-5).
-2
Let p(u) = 13*u**2 - 4*u - 14. Let z(j) = 11*j**2 - 5*j - 13. Let m(f) = -5*p(f) + 6*z(f). Determine m(10).
-8
Let a(g) = g**3 + 2*g**2 + 4*g + 3. Suppose -6*l = -3*l. Suppose 2*s + q = 3 + 2, l = -5*s + 5*q + 35. Let b be s/(-2) - 0/(-4). What is a(b)?
-5
Let u(d) = 5*d**2 - 9*d + 3. Let t(n) = 7*n**2 - 10*n + 2. Let m(w) = -2*t(w) + 3*u(w). Calculate m(4).
-7
Let s be 0 + (-4)/(-2) - 0. Let t = -33 - -38. Suppose c - t = s*c. Let f(d) = d**3 + 4*d**2 - 5*d + 5. Calculate f(c).
5
Let s(n) = -10*n - 50. Let j be s(-6). Suppose -4 = -b, 4*y - 5*b = 2*y - j. Let o(u) = u**2 - 3*u - 2. What is o(y)?
8
Let k(u) be the second derivative of u**5/20 - 5*u**4/12 - u**3/6 + 7*u**2/2 - 3*u - 40. Suppose 0 = -n + 3*i - 4, 0 = 3*n - 5*n - i + 13. Determine k(n).
2
Let j(k) be the first derivative of -k**2 + 5*k + 8. Give j(4).
-3
Suppose -5*u = -2*w - 403 + 366, 3*u - 15 = 0. Let r(z) = -z**3 - 6*z**2 + z + 8. Determine r(w).
2
Let o(t) be the first derivative of -2 - 13*t - 1/2*t**2. Let z(h) = -h**3 + h**2 - 4*h. Let y be z(0). Calculate o(y).
-13
Let j(v) be the first derivative of v**4/4 - 5*v**3/3 - 5*v**2/2 - 3*v + 844. Suppose -3*t + 7*t - 24 = 0. What is j(t)?
3
Let i(b) = -b**2 - 2*b + 4. Let f be i(0). Suppose 0 = 3*p - p - 8. Let h(v) = -7 + 3*v + 2 + p - f*v. Calculate h(5).
-6
Let x(m) be the second derivative of m**5/20 + 5*m**4/6 - 11*m**3/6 - 3*m**2 + 2*m. Suppose 2*y = 21 - 43. Calculate x(y).
-6
Let z(r) = -47*r**2 + 2*r + 1. Let s be -5 + (-114)/(-21) + 10/(-7). What is z(s)?
-48
Let z = 268 - 271. Let c(o) = 5*o + 12. Calculate c(z).
-3
Let w(z) be the first derivative of -3*z**2/2 - 11. Suppose 0 - 3 = -3*d. Calculate w(d).
-3
Let f be (-3)/(-3)*(-3 - -6). Suppose -f*j = -2*j + 6. Let v(b) = 4 - 5 - b - 6. What is v(j)?
-1
Let x(s) be the second derivative of 10*s - 1/6*s**4 + 0 - s**2 + 1/6*s**3. Determine x(2).
-8
Let m = -9 - -20. Let y(j) = -127*j - m + 66*j + 60*j. Determine y(-9).
-2
Let v(c) = -16*c**3 - c**2 - 9*c + 21. Let n(h) = -7*h**3 - h**2 - 4*h + 10. Let q(l) = -9*n(l) + 4*v(l). Determine q(4).
10
Let m(o) = 2*o. Let g(r) = 2*r + 14. Let v be g(-6). Suppose -v*h - 2 = -4*h. Let c be 1 - (-2 + h - -5). What is m(c)?
-6
Let h(p) = p**3 - 4*p**2 + p - 1. Suppose 3 = 3*n - 9, -5*n = -g - 61. Let s = 37 + g. Let m be (-2 + 6)*(-3)/s. Calculate h(m).
-7
Let c(r) be the first derivative